10, 2*r + f - 43 = 0. Suppose 0 = 2*p - 3*p - 34. Let x = -24 - p. Calculate the remainder when r is divided by x.
9
Suppose a + 115 = 354. Calculate the remainder when a is divided by 15.
14
Let g(t) = t - 1. Let v be g(6). Suppose -61 = -3*b - v*f, 0*b - 3*b - f + 53 = 0. Suppose 40 = -0*r + 4*r. Calculate the remainder when b is divided by r.
7
Let v(z) = -z**3 + 15*z**2 + 4*z - 6. What is the remainder when v(15) is divided by 18?
0
Suppose 0 = -4*o + 5 + 7. Calculate the remainder when 6 is divided by o.
0
Suppose 5*d - 6 - 89 = 0. Suppose -4*f + 4 = -2*f. Suppose -3*v + 37 = 2*v - 2*u, -4*u = -f*v + 18. What is the remainder when d is divided by v?
5
Let q(d) = -3*d + 7. Calculate the remainder when 19 is divided by q(0).
5
Let u(q) be the third derivative of q**5/60 - q**4/6 - 11*q**3/6 + q**2. Calculate the remainder when u(7) is divided by 3.
1
Let w = 89 + -65. What is the remainder when 66 is divided by w?
18
Let t be (-1 - -1)/(-3 - -1). Suppose 0 = r - t*r - 49. Suppose -4*a = -19 - r. What is the remainder when 33 is divided by a?
16
Suppose 3*o + 2*o - 5 = 0. Let u(n) = -n + 5. Let q be u(6). Calculate the remainder when 2 is divided by (o*q)/(2/(-4)).
0
Suppose h - 17 = 5*u, -h - 27 = -6*h - 4*u. Let y = 15 - -4. What is the remainder when y is divided by h?
5
Let a = 0 + 27. What is the remainder when a is divided by 10?
7
Let f = 121 - 27. What is the remainder when f is divided by 12?
10
Let q(m) = -m**3 - 6*m**2 - 4*m + 5. Let h be q(-6). Suppose 2*i + 2*t = -0*i + 64, 0 = 2*i - 5*t - h. Calculate the remainder when i is divided by 15.
12
Let z(u) = u**3 + 4*u**2 + 3*u + 3. Let p be z(-2). Let c be (-7)/(-3) - 1*(-2)/3. Suppose -c*y + 7 = -p. Calculate the remainder when 9 is divided by y.
1
Let v(i) = -i. Let n be v(1). Let l = n - -11. Suppose -3*k + l = -k. Calculate the remainder when 13 is divided by k.
3
Let g = 140 + -62. Calculate the remainder when g is divided by 10.
8
Let w = 22 - -8. Suppose 0 = -10*g + 5*g + w. What is the remainder when g is divided by 4?
2
What is the remainder when 67 is divided by 4*(7/2 + 0)?
11
Suppose -4*h - q = -16, 0 = q - 6*q. Suppose h*f - 6 = f. Suppose 7*m - 20 = f*m. Calculate the remainder when 6 is divided by m.
2
Let c be 1/(3/(-87)) - 0. Let m = c + 45. What is the remainder when 31 is divided by m?
15
Let r(g) = g**2. Let w be r(3). Let y = w - 4. Calculate the remainder when 34 is divided by y.
4
Suppose 5*q = 5*z + 155, 5 + 7 = -4*z. Calculate the remainder when 137 is divided by q.
25
Suppose 50 = 4*o - 154. Suppose 44 = 6*t - 64. Calculate the remainder when o is divided by t.
15
Let m be (-23)/(-3) + 4/(-6). Let x = -3 + m. Suppose -x*k + 28 = -48. What is the remainder when 37 is divided by k?
18
Calculate the remainder when (-1)/(((-6)/(-18))/(428/(-6))) is divided by 24.
22
Suppose -4*a = -g - 97, -g - 25 = 6*a - 7*a. What is the remainder when a is divided by 9?
6
Let r = 191 + -407. What is the remainder when r/(-10) - 4/(-10) is divided by 12?
10
Let m(b) = b**2 - 5*b + 3. Let g be m(3). Calculate the remainder when (56/10)/(g/(-15)) is divided by 15.
13
Let b = 2 + 4. What is the remainder when 13 is divided by b + 1*(-4 - -2)?
1
Let o = 45 - 25. Calculate the remainder when o is divided by 11.
9
Let f = -29 + -7. Calculate the remainder when f/(-4) + 0 + 0 is divided by (-1)/2*20/(-2).
4
Let o(m) = m**2 - 5*m - 6. Let y be o(6). Suppose 3*t - a - 74 = 0, 5*t = -y*t - 3*a + 142. Calculate the remainder when t is divided by 14.
12
Calculate the remainder when 58 is divided by (2/6)/((-1)/(-45)).
13
Calculate the remainder when (-30)/12*(3 - 37) is divided by 22.
19
Suppose 4 + 0 = -4*v - c, 8 = 3*v - 2*c. Let b(i) = v*i + 7*i - 3 - 4*i - i. Calculate the remainder when 28 is divided by b(9).
13
Suppose -a + 2*d - 8 = 0, 5*a - 4*d + 2*d + 8 = 0. Calculate the remainder when 70 is divided by -1 - -3 - (a - 16).
16
Let q(n) = n**2 + 2*n + 6. Let l be q(-5). Let s be 65/7 + (-6)/l. Suppose -2*d + 5*d - s = 0. What is the remainder when 5 is divided by d?
2
Calculate the remainder when 79 is divided by (30/4)/((-21)/(-56)).
19
Let l = -29 + 65. Calculate the remainder when l is divided by 19.
17
What is the remainder when -3 + -46*(-4)/8 is divided by 11?
9
Suppose 0 = 5*w + 5*i - 26 - 24, -w + 4 = -2*i. Calculate the remainder when w is divided by 6.
2
Suppose -2*j + 6 = j, 5*m + 2*j - 134 = 0. Calculate the remainder when 77 is divided by m.
25
Let d(i) = i**3 + 4*i**2 - 3*i + 6. Let z be d(-5). What is the remainder when z/9*-6*3 is divided by 5?
3
Suppose -2*o + 64 = 4*v, -v + 0*o + 14 = o. Calculate the remainder when 47 is divided by v.
11
Let n = -1 + 0. Suppose -4*s = -5*f - 157, -12 = 2*s - 4*f - 86. Calculate the remainder when s is divided by ((-2)/5)/(n/55).
21
Suppose 4*l = -3*v + 8, v - 4 = 4*l - 12. Suppose l*w + 0*h - 71 = h, 0 = 5*w - 5*h - 180. Calculate the remainder when w is divided by 18.
17
Suppose 2*h + 46 = 4*h. What is the remainder when 64 is divided by h?
18
Let q = 12 + -7. What is the remainder when q*3 - (-1 - -3) is divided by 7?
6
Let v = -37 - -42. Let f be (-4)/(-6) - (-534)/9. Suppose f = -t + 6*t. What is the remainder when t is divided by v?
2
Let s(d) = -d**3 - 10*d**2 - 7*d + 4. Let t = -11 + 5. Let v be s(t). Let c = 145 + v. What is the remainder when c is divided by 16?
15
Let m = -150 + 198. Calculate the remainder when m is divided by 17.
14
Let s = -10 - -19. Let w(j) = -34*j**3 + j**2 + j + 1. Calculate the remainder when w(-1) is divided by s.
8
Let v = -50 - -55. Calculate the remainder when v is divided by 2.
1
Let s(g) = -g**3 + 7*g**2 - 2*g - 14. Calculate the remainder when 48 is divided by s(6).
8
Let r be (0 - (-7)/(-4))*-32. Suppose 4*i = -2*f - 2*f + 200, 5*f + r = i. Calculate the remainder when i is divided by 18.
15
Let l(f) = f**2 - 2*f + 1. Let x be l(3). Suppose 3*n - 46 = -z - z, -101 = -5*z - x*n. Calculate the remainder when z is divided by 6.
5
Let v(t) = t + 6. What is the remainder when 39 is divided by v(4)?
9
Let f(c) = -5*c + 115. Suppose 3*x - 8*x = -80. Calculate the remainder when x is divided by f(21).
6
Let r = 5 + 1. Suppose 5*w + 13 = 98. What is the remainder when w is divided by r?
5
Let q = 251 + -112. What is the remainder when q is divided by 20?
19
Suppose -3*j + k = 4*k - 24, -17 = -4*j - k. Suppose -1 = 5*b - v - 38, -b + 14 = 2*v. What is the remainder when b is divided by j?
2
Suppose -3*c + 3*x + 99 = 0, 5*c + x = 2*c + 111. Let v = c + 47. Suppose 5*g - 2*a - 141 = -a, -a = -3*g + v. Calculate the remainder when g is divided by 10.
9
Let r(c) = 3*c**2 + 2*c - 4. What is the remainder when 34 is divided by r(2)?
10
Suppose 93 = 3*v - 156. Calculate the remainder when v is divided by 28.
27
Suppose k - 12 = -k. Let j = k - 0. Calculate the remainder when 21 is divided by j.
3
Let b be (-1 + 4)*2/6. Let s be 1/(0 - b/(-5)). Suppose -c + 5*y + 11 = -7, 0 = -5*c - s*y. Calculate the remainder when 7 is divided by c.
1
Let m = -261 - -418. What is the remainder when m is divided by 32?
29
Suppose -4*j - q + 4*q + 151 = 0, 5*q - 111 = -4*j. Calculate the remainder when j is divided by 23.
11
Let n = -13 - -23. Calculate the remainder when 37 is divided by n.
7
Suppose 0 = -4*p + 2*b + 180, -4 = -p - 3*b + 34. Let i be -3 - 1*-2 - -29. Let y = i - 13. What is the remainder when p is divided by y?
14
Let g = 40 - 20. What is the remainder when 37 is divided by g?
17
Let o(b) = 6*b - 12. Let i be o(4). Suppose 7*n - 2*n = 0. Suppose z + 3*z - i = n. What is the remainder when 3 is divided by z?
0
Let j = 9 - 6. Suppose -u + j = -13. Let p = -91 - -137. What is the remainder when p is divided by u?
14
Let w = 16 - 10. Let x be w/(-24) - 29/(-4). Let s(l) = l**2 - 7*l + 9. Calculate the remainder when 26 is divided by s(x).
8
Let h(v) = v**2 - 7*v + 6. Let m be h(6). Calculate the remainder when 6 is divided by (m - 4)/(-4 - -2).
0
Let s(b) = -b - 1. Let d(p) = p**2 + 6*p - 5. Let f(i) = -d(i) - 2*s(i). Let k be f(-5). Suppose x - k*x = -11. What is the remainder when 21 is divided by x?
10
Let n(a) = 3*a**2 + a - 2. Suppose -5*x - 1 = g + 6, 3*x = 2*g - 12. Let p(u) = 21*u + 1. Calculate the remainder when p(1) is divided by n(x).
6
Let g(l) = -l - 4. Let q(x) = x. Let t(p) = g(p) + 3*q